p(b) = -b**2 + 8*b. Suppose 0 = -5*n + w + 35, n - 1 = 3*w - 8. Let o be p(n). Suppose o = -i - i - 6. What is d(i)?
-1
Suppose -4*j + 3 + 5 = 0. Suppose 0 = -3*r - u - 1, j*u = 5*r - 4 + 2. Let b(d) = -d + 1. Give b(r).
1
Suppose -j = 2*h + 4 + 3, j = 2*h - 3. Let l(w) = 3*w**2 + 1 - 7*w**2 + 4*w**2 + w**2. Calculate l(h).
2
Let b(x) be the second derivative of x**3/6 + x**2 - 2*x. Let y be b(-8). Let s(z) = -z**2 - 5*z + 8. Determine s(y).
2
Let y(c) = 4*c + 2. Let h(x) = -5*x - 2. Let q(w) = -3*h(w) - 4*y(w). Suppose u = 2*u - 5. Suppose u*g - 25 - 5 = 4*b, 2*b - 2*g + 14 = 0. Calculate q(b).
3
Let g be -1 + 0 - 0/(-1). Let n(a) be the second derivative of -1/2*a**2 - 1/6*a**3 - 2/3*a**4 + 0 - a. What is n(g)?
-8
Let f(n) be the third derivative of -8*n**2 + 0*n + 0 + 1/6*n**4 + 1/3*n**3. Determine f(-3).
-10
Let y(x) = 2*x + 2. Let d(z) = 2*z**2 - 2. Let s be d(2). Let v(l) be the second derivative of -l**4/12 + l**3 + 3*l**2/2 - 2*l. Let q be v(s). Give y(q).
8
Suppose 2 = 3*l - 4, -l + 20 = 3*s. Suppose -4*y = -2*m + 10, -y - m - s = 2*m. Let z(u) = u**2 + 4*u + 2. Determine z(y).
-1
Suppose 0 = y + 3*y. Suppose 3*g = -y*g - 9. Let b(d) = 0 - 2 + 2*d**3 - d**3 - 3*d**2 + 6*d**2. Calculate b(g).
-2
Let n(w) = -w**2 - w. Let c(u) = 3*u**2 - 30*u + 2. Let m be c(10). What is n(m)?
-6
Let r(s) = s**2 + 9*s + 8. Let a be r(-7). Let w(t) = -14*t - 44. Let c(g) = 5*g + 15. Let p(i) = 11*c(i) + 4*w(i). Calculate p(a).
-5
Let b(z) be the third derivative of z**5/60 + z**4/3 + 5*z**3/6 - 6*z**2. Give b(-6).
-7
Suppose -w + 3 - 4 = 0. Let f = w + -2. Let u(g) = 3*g + 4. Determine u(f).
-5
Let t = -96 - -101. Let r(l) = l**3 - 5*l**2 + 4. Determine r(t).
4
Let r(j) = -j**3 + 6*j**2 - 4*j + 3. Let q be r(2). Let f = -15 + q. Let t(c) = c + 6. Calculate t(f).
2
Let c(z) = 2*z - 1. Let a = 25 + -20. Give c(a).
9
Let j(y) be the third derivative of y**6/120 - y**5/6 + 3*y**4/8 - 2*y**3/3 - 7*y**2. Calculate j(9).
-4
Let o(c) = -c**3 - 7*c**2 - 6*c + 1. Let v be o(-6). Let r(x) be the third derivative of 7*x**4/24 + 9*x**2. Calculate r(v).
7
Let y(g) = -g**2 + 13*g - 12. Let i be y(12). Suppose i = -2*a + 9 - 3. Let c(t) = 4 + 4*t - 4 + 0*t + a. What is c(-3)?
-9
Let q(l) = 3*l**3 - 2*l**2 + l - 1. Let y(g) = -3*g**3 + 3*g**2 - g + 1. Let i(d) = 4*q(d) + 3*y(d). Give i(1).
4
Let m(q) be the first derivative of -5/3*q**3 + 1/4*q**4 - 1 + q**2 + 2*q. Give m(3).
-10
Suppose -5*o = 20, -4*o + 7*o - 8 = 2*w. Let c be w/(-5) + (-1 - -4). Let g(y) = -y. Determine g(c).
-5
Let p(z) be the first derivative of -z**4/4 - 2*z**3 - 2*z**2 - z + 7. What is p(-4)?
-17
Suppose -i + 30 = -5*g, -4*g = 5*i - 9*g - 70. Let j(w) = -w**2 + 10*w + 5. Let z be j(i). Let f(n) = 2*n - 2*n - 7 + 2*n. Give f(z).
3
Suppose -5 = 6*g - 7*g. Let r(t) = -t**2 + 7*t - 3. What is r(g)?
7
Suppose -10 = 5*a + 4*f, -20 = 4*f - 0*f. Suppose 2*q - 1 = -0*q + o, 2*q = 2*o + a. Suppose c + q*c - 5 = 0. Let x(h) = -h**2 + 7*h - 6. Determine x(c).
4
Let a(y) = -4*y + 3*y - 5 + 2. Suppose -5*v = -0*v - 20. Suppose x + 4*x = v*j + 40, 26 = -2*j + 4*x. Calculate a(j).
2
Suppose -9*f = -7*f - 6. Let i(w) = w - 1. Determine i(f).
2
Suppose -2*f - 2*f + 20 = 0. Let o(z) = z - 9. Let p be o(f). Let c(x) = -6*x**2 - 7*x - 14*x**3 + 4977 + 13*x**3 - 4982. Calculate c(p).
-9
Let p(d) = -d + 2. Let u be -1 - (-15)/25*-5. Calculate p(u).
6
Suppose 14 - 4 = -4*x + 5*l, 5*l = 5*x + 10. Let z(c) = x - 1 + 7 + c. Give z(0).
6
Let w(k) be the third derivative of -k**5/60 + k**4/3 - 3*k**3/2 - 21*k**2 - 2. Give w(8).
-9
Let b(r) = -r**2 + 2. Let h be ((-1)/(-3) - 100/30) + 1. Determine b(h).
-2
Let q(k) = -4*k - 9. Let n(s) = -8*s + 10. Let j be n(2). Calculate q(j).
15
Let l(r) = 59*r + 52*r + 3 - 100*r. Determine l(-2).
-19
Let l(r) = -4 + 5*r**2 + 5*r**3 + r**2 - 6*r**3. Calculate l(6).
-4
Let c(o) = -3*o**3 + 5*o**3 - 4*o**3 - 2*o + 0*o**3 - 3 + 6*o**2. Let t(r) = -r**3 + r**2. Let j(h) = -c(h) + 4*t(h). What is j(-2)?
7
Suppose 14*c - 20 = -6. Let j(a) = -3*a + 1. Determine j(c).
-2
Let z(d) = -3*d + 6. Let o(a) = -2*a + 3. Let t be (-5)/2*6/(-5). Let h(p) = t*z(p) - 5*o(p). Let q(c) = c - 1. Let x be q(-4). Give h(x).
-2
Let o(n) = -7*n**2 + 15*n + 2. Let j(w) = -13*w**2 + 29*w + 4. Let y(v) = 6*j(v) - 11*o(v). Give y(9).
2
Let f(u) be the second derivative of 5/2*u**2 - 1/2*u**3 + 2*u + 0. Determine f(4).
-7
Suppose -3*u = z - 21, 4*u - 41 + 3 = -3*z. Let w(b) = -b**2 + 7*b + 7. Let g(f) = 2*f**2 - 14*f - 15. Let n(k) = z*g(k) + 13*w(k). Determine n(6).
7
Let v(u) = -u**3 - u**2 + 1. Let y(l) = -8*l**3 + 5*l**2 - l - 5. Let q(i) = 6*v(i) + y(i). Calculate q(1).
-15
Let o(b) be the first derivative of b**2/2 + 6*b - 3. Let y(c) = -2*c - 7. Let u(k) = -3*o(k) - 2*y(k). Let q(p) = -p. Let f be q(-5). What is u(f)?
1
Let s(v) = -v**2 - 7*v + 11. Let l be s(-8). Let k(n) = -2*n - l + 6 + 5*n - 2*n. Suppose -8*r - 15 = -3*r. Calculate k(r).
0
Let g(x) = -x**3 - 20*x**2 + x + 21. Let z be g(-20). Let w(c) = 18*c**3. What is w(z)?
18
Let t(n) = 2*n**3 + 3*n**2 - 8*n - 8. Let v(p) = -5*p**3 - 5*p**2 + 17*p + 17. Let h(a) = 7*t(a) + 3*v(a). What is h(5)?
-5
Let r(j) = j**3 + 9*j**2 - 8*j + 13. Let c be r(-10). Let t(n) = n**2 + 6*n - 10. Give t(c).
-3
Let x = -9 + 3. Let f(n) = 3*n - 5. Let y(h) = -4*h + 6. Let g(j) = -3*f(j) - 2*y(j). Determine g(x).
9
Let l(u) = u**2 - u - 2. Suppose 0*k + 20 = -5*k. Let p be k/10 - (-2)/5. What is l(p)?
-2
Let z(g) = 5*g**2 - 15*g + 14. Let o(y) = -y**2 + 4*y - 4. Let b(k) = 9*o(k) + 2*z(k). What is b(-6)?
-8
Let d(s) = -s - 1. Suppose n + v = 3*v - 3, 4*v = -2*n - 14. Let f(l) = -2*l**2 + 5*l + 6. Let m(u) = n*d(u) - f(u). Calculate m(-1).
1
Let n(o) = o**2 + 2*o + 1. Let w be n(-3). Suppose 0 = 3*f - 5*j - 11, 3 = f - w*j - 10. Let s(z) = z**3 + 2*z**2 - 2*z + 2. Determine s(f).
-1
Let a(m) = -11*m + 5*m + 5*m - 5. Let h be a(-5). Let c(n) = -n**2 + n + 6. What is c(h)?
6
Let d(p) = p**2 + 8*p + 6. Let b(n) = 1. Let i(t) = -3*b(t) - d(t). Determine i(-7).
-2
Let c be (60/14 - 4)*14. Let h(v) = -v**2 + 4*v - 1. Give h(c).
-1
Let u(k) be the third derivative of -k**4/24 + k**3/2 + 10*k**2. Let g(c) = -2*c**3 - 4*c**2 - 4*c - 3. Let q be g(-2). Give u(q).
-2
Let v(i) = -1 + 40*i**2 + i - 3*i - 39*i**2. Calculate v(-1).
2
Let r(o) = -9*o + 24*o + 7 - 8*o - 4*o - 4*o. Let t = 8 - 2. Give r(t).
1
Let o(k) be the second derivative of -2*k**2 + 0 - 1/4*k**4 - k + 1/20*k**5 + 0*k**3. Suppose 5*z + 1 = -3*m + 10, 0 = -3*z + m + 11. Give o(z).
-4
Let t be (-14)/2 - -4 - -2. Let q(d) be the third derivative of d**4/4 + 2*d**2. What is q(t)?
-6
Let z(i) = 5*i + 5. Let a(o) = 16*o + 14. Let g(q) = 3*a(q) - 8*z(q). Give g(-3).
-22
Let y(u) be the second derivative of u**4/12 + u**3/6 - u**2/2 + 7*u. What is y(2)?
5
Let t(y) be the second derivative of 4*y**4/3 + y**3/3 + y**2/2 + 32*y. Give t(-1).
15
Let p(y) = y**2 - 7*y + 9. Let q be p(6). Let h(g) = 1 - g - q*g - 6 + 2 - g**2. What is h(-3)?
0
Let x(o) = -o**2 + 6*o - 3. Let n be x(5). Let p(y) = 2*y**2 + 5*y - y**2 - 1 - n. Determine p(-5).
-3
Let r = -10 - -16. Suppose -2*h - 20 = -5*t, -r*h = -2*h + 5*t - 20. Suppose h*i - 5*i + 20 = 0. Let u(p) = p**2 - 4*p - 1. Give u(i).
-1
Let k = -3 - -3. Let v(n) be the third derivative of -n**6/720 + n**5/24 - n**4/8 - 3*n**2. Let g(j) be the second derivative of v(j). Give g(k).
5
Suppose a = 8*a - 14. Let b(j) be the first derivative of -1 + 2*j - 1/2*j**a. What is b(2)?
0
Suppose -3 = 4*a - 7. Let l = a - 7. Let f(k) = -k**2 - 4*k + 5. Determine f(l).
-7
Let m(y) = y**2 + 5*y + 6. Suppose -5*t - 2 = h + 3, 4*h + 20 = -5*t. Let v be (t - 0)/(-3 - -1). Suppose v = -x + 3*x + 10. Determine m(x).
6
Let k(s) = s**2 - 12*s - 4. Let x(w) = -w**2 + 11*w + 3. Let u(j) = -6*k(j) - 7*x(j). Let m = 1 - 1. Suppose m*z + 5 = z. Determine u(z).
3
Let d(l) be the first derivative of l**3 - l - 8. Give d(1).
2
Let v = -71 + 75. Let t(m) = -8*m + 5. Determine t(v).
-27
Let p(w) = -w**2 - 5*w - 2. Let d be 4/(-6)*9/(-1). Suppose 0 = d*b - b + 25. Determine p(b).
-2
Suppose -5*k + 6 - 11 = 0, -k = -5*d + 16. Let r(f) = f**2 + 5*f + 6. Let t be r(-4). Let y(b) = 0*b - 2 - 3*b - 2 - b**t - b**2 + b**3. Calculate y(d).
-4
Let r = -54 + 52. Let k(w) = -w**3 + 2*w**2 - 3*w - 3. Give k(r).
19
Let t(n) = 2*n**2 - 3*n